 8
6
Convert -11301 (base 4) to base 16.
-171
32 (base 5) to base 9
18
Convert -2 (base 7) to base 4.
-2
3 (base 6) to base 2
11
Convert -3 (base 11) to base 15.
-3
What is -d (base 16) in base 6?
-21
-10 (base 14) to base 5
-24
Convert -223 (base 6) to base 14.
-63
-1430 (base 5) to base 14
-132
-20 (base 5) to base 14
-a
-6 (base 13) to base 3
-20
Convert -26 (base 16) to base 10.
-38
Convert -6 (base 7) to base 13.
-6
Convert -5 (base 16) to base 11.
-5
What is 9 (base 12) in base 11?
9
What is -16 (base 15) in base 4?
-111
What is 113 (base 10) in base 6?
305
What is 102 (base 6) in base 16?
26
What is 50 (base 12) in base 6?
140
Convert 12 (base 13) to base 10.
15
Convert 6 (base 7) to base 6.
10
What is 21 (base 15) in base 3?
1011
What is 150 (base 6) in base 3?
2110
18 (base 10) to base 9
20
What is 101 (base 2) in base 13?
5
330 (base 4) to base 7
114
-37 (base 9) to base 7
-46
-16 (base 7) to base 9
-14
What is 50 (base 7) in base 2?
100011
What is 101101 (base 3) in base 4?
10120
-2 (base 15) to base 16
-2
Convert 6 (base 15) to base 5.
11
Convert -126 (base 7) to base 8.
-105
What is 1 (base 10) in base 12?
1
Convert -83 (base 16) to base 14.
-95
100110 (base 2) to base 5
123
Convert -10101 (base 2) to base 3.
-210
Convert 62 (base 8) to base 4.
302
What is 3 (base 7) in base 11?
3
Convert -127 (base 12) to base 15.
-ba
What is -15 (base 6) in base 10?
-11
What is 202 (base 3) in base 13?
17
Convert -63 (base 7) to base 3.
-1200
What is 103 (base 5) in base 3?
1001
Convert 10 (base 6) to base 14.
6
What is -10 (base 15) in base 16?
-f
Convert 120001 (base 3) to base 4.
12112
Convert -2 (base 4) to base 2.
-10
What is 0 (base 14) in base 7?
0
Convert -c (base 16) to base 5.
-22
Convert -7 (base 11) to base 5.
-12
Convert 3 (base 14) to base 10.
3
What is -1 (base 9) in base 15?
-1
What is -1010 (base 3) in base 12?
-26
What is -1 (base 16) in base 10?
-1
What is -10 (base 3) in base 2?
-11
Convert 4 (base 13) to base 6.
4
What is 3 (base 11) in base 14?
3
What is 120 (base 8) in base 2?
1010000
What is -a (base 11) in base 15?
-a
What is 0 (base 13) in base 9?
0
What is -4 (base 16) in base 6?
-4
Convert -29 (base 12) to base 16.
-21
-2 (base 10) to base 15
-2
What is 8d (base 15) in base 2?
10000101
Convert 11011000 (base 2) to base 14.
116
Convert -1101 (base 2) to base 14.
-d
What is -aa (base 13) in base 8?
-214
Convert 22 (base 12) to base 16.
1a
334 (base 5) to base 14
6a
Convert 112 (base 3) to base 16.
e
What is -21 (base 15) in base 16?
-1f
0 (base 15) to base 4
0
What is -3 (base 14) in base 3?
-10
5 (base 11) to base 16
5
Convert 10100 (base 2) to base 6.
32
Convert -14b (base 12) to base 13.
-128
-17 (base 10) to base 12
-15
-1 (base 4) to base 12
-1
-7 (base 8) to base 4
-13
Convert 13 (base 6) to base 9.
10
What is 422 (base 5) in base 4?
1300
What is -121 (base 7) in base 15?
-44
Convert 8 (base 15) to base 2.
1000
0 (base 13) to base 16
0
What is a (base 16) in base 9?
11
What is 55 (base 14) in base 4?
1023
-7 (base 11) to base 14
-7
What is -7 (base 10) in base 4?
-13
Convert 39 (base 13) to base 3.
1210
What is 1 (base 4) in base 9?
1
Convert -4 (base 16) to base 14.
-4
What is 0 (base 5) in base 14?
0
-21 (base 3) to base 9
-7
1f (base 16) to base 12
27
35 (base 9) to base 2
100000
Convert 11 (base 5) to base 16.
6
-121 (base 4) to base 16
-19
10 (base 6) to base 11
6
What is 3 (base 11) in base 2?
11
Convert -3 (base 9) to base 11.
-3
-101010 (base 3) to base 11
-229
4 (base 6) to base 16
4
Convert -b8 (base 16) to base 4.
-2320
16 (base 14) to base 15
15
13 (base 5) to base 11
8
1 (base 4) to base 6
1
24 (base 15) to base 16
22
Convert -23 (base 11) to base 13.
-1c
-123 (base 4) to base 12
-23
-121 (base 3) to base 2
-10000
74 (base 9) to base 2
1000011
What is 10 (base 2) in base 11?
2
-2 (base 15) to base 16
-2
What is -2 (base 4) in base 8?
-2
-25 (base 6) to base 11
-16
Convert -111 (base 2) to base 4.
-13
What is -12 (base 5) in base 2?
-111
19 (base 12) to base 5
41
-1 (base 3) to base 5
-1
Convert 4 (base 13) to base 5.
4
Convert -36 (base 7) to base 11.
-25
-30 (base 13) to base 15
-29
Convert -6 (base 8) to base 11.
-6
What is -11 (base 4) in base 8?
-5
Convert -3 (base 11) to base 7.
-3
What is 3 (base 15) in base 2?
11
45 (base 13) to base 3
2010
What is 110 (base 2) in base 4?
12
Convert 135 (base 6) to base 5.
214
245 (base 8) to base 11
140
104 (base 8) to base 13
53
-230 (base 4) to base 15
-2e
203 (base 4) to base 3
1022
What is -9 (base 12) in base 7?
-12
14 (base 9) to base 8
15
Convert -1 (base 3) to base 10.
-1
Convert -5 (base 11) to base 4.
-11
What is 3 (base 15) in base 3?
10
Convert -2311 (base 4) to base 7.
-346
What is -16 (base 7) in base 11?
-12
-d3 (base 14) to base 11
-159
What is -36 (base 9) in base 8?
-41
What is 2 (base 10) in base 13?
2
Convert 11 (base 13) to base 12.
12
What is -10 (base 3) in base 15?
-3
4 (base 13) to base 6
4
What is 53 (base 6) in base 14?
25
Convert 3 (base 5) to base 9.
3
-65 (base 12) to base 6
-205
Convert 3 (base 10) to base 15.
3
Convert 1 (base 7) to base 13.
1
-11 (base 2) to base 3
-10
Convert -3 (base 5) to base 2.
-11
Convert -8 (base 10) to base 13.
-8
141 (base 7) to base 2
1001110
What is 1 (base 10) in base 7?
1
-3022 (base 4) to base 7
-406
-6 (base 8) to base 4
-12
-11 (base 5) to base 12
-6
Convert 1 (base 2) to base 14.
1
What is 1 (base 16) in base 15?
1
Convert 0 (base 15) to base 11.
0
3 (base 14) to base 8
3
-7 (base 12) to base 10
-7
-2 (base 5) to base 11
-2
-2 (base 3) to base 8
-2
What is 123 (base 13) in base 2?
11000110
Convert 12 (base 10) to base 7.
15
What is 33 (base 16) in base 14?
39
Convert d8 (base 15) to base 8.
313
Convert -4 (base 16) to base 8.
-4
What is -23 (base 10) in base 12?
-1b
-2 (base 6) to base 5
-2
What is -1 (base 15) in base 10?
-1
What is 2 (base 15) in base 2?
10
Convert -1 (base 8) to base 5.
-1
What is -12d (base 16) in base 9?
-364
0 (base 11) to base 3
0
-44 (base 11) to base 16
-30
What is 2 (base 13) in base 16?
2
245 (base 6) to base 7
203
-10101 (base 3) to base 9
-111
What is 8 (base 11) in base 5?
13
11 (base 3) to base 13
4
da (base 15) to base 12
151
What is -3b (base 15) in base 11?
-51
What is 1 (base 16) in base 2?
1
Convert 79 (base 11) to base 8.
126
201 (base 4) to base 7
45
Convert 300 (base 9) to base 2.
11110011
214 (base 6) to base 16
52
Convert -4 (base 16) to base 11.
-4
-9 (base 12) to base 3
-100
What is -2 (base 4) in base 10?
-2
Convert 10111 (base 2) to base 9.
25
Convert 0 (base 10) to base 11.
0
What is 101 (base 4) in base 9?
18
-15 (base 7) to base 11
-11
What is -1 (base 10) in base 9?
-1
-6 (base 9) to base 16
-6
23a (base 13) to base 8
603
What is 0 (base 3) in base 11?
0
What is -b (base 12) in base 16?
-b
-2031 (base 4) to base 3
-12020
What is -1 (base 7) in base 3?
-1
Convert 111 (base 2) to base 5.
12
What is -1102 (base 6) in base 5?
-2004
What is -17 (base 15) in base 14?
-18
What is 28 (base 15) in base 12?
32
-100 (base 2) to base 12
-4
3 (base 9) to base 15
3
What is 121 (base 3) in base 9?
17
Convert 14 (base 16) to base 12.
18
What is b (base 13) in base 4?
23
Convert -311 (base 4) to base 6.
-125
Convert -4 (base 5) to base 13.
-4
-260 (base 7) to base 13
-aa
-101 (base 2) to base 10
-5
Convert -11 (base 7) to base 13.
-8
What is -45 (base 7) in base 4?
-201
What is -10 (base 6) in base 13?
-6
What is 2 (base 3) in base 13?
2
What is 1 (base 16) in base 9?
1
200 (base 3) to base 13
15
Convert -10000 (base 2) to base 3.
-121
-142 (base 7) to base 12
-67
Convert -b (base 12) to base 15.
-b
-38 (base 15) to base 14
-3b
Convert 4 (base 5) to base 10.
4
Convert -1 (base 4) to base 15.
-1
-b (base 16) to base 8
-13
What is -130 (base 4) in base 16?
-1c
What is 9 (base 13) in base 3?
100
What is -6 (base 10) in base 6?
-10
-2 (base 14) to base 15
-2
Convert 1 (base 13) to base 14.
1
What is -29 (base 13) in base 10?
-35
Convert -1 (base 10) to base 3.
-1
34 (base 6) to base 9
24
77 (base 11) to base 5
314
-10d (base 15) to base 7
-460
Convert 112 (base 6) to base 7.
62
Convert 20121 (base 3) to base 15.
bd
Convert -1 (base 9) to base 4.
-1
Convert -52 (base 15) to base 8.
-115
2 (base 15) to base 16
2
-5 (base 10) to base 13
-5
What is 1 (base 13) in b